?
0
What is the thousands digit of 246628034?
8
What is the hundred millions digit of 442667009?
4
What is the thousands digit of 2002180215?
0
What is the thousands digit of 13211215?
1
What is the hundreds digit of 8074128?
1
What is the hundred millions digit of 311824002?
3
What is the units digit of 1357856307?
7
What is the tens digit of 1214753863?
6
What is the thousands digit of 394490998?
0
What is the hundreds digit of 166611312?
3
What is the millions digit of 297025316?
7
What is the ten thousands digit of 140109770?
0
What is the millions digit of 49865076?
9
What is the hundreds digit of 5212307562?
5
What is the millions digit of 3063211243?
3
What is the tens digit of 181928511?
1
What is the hundred thousands digit of 68070601?
0
What is the tens digit of 281338633?
3
What is the hundreds digit of 37272394?
3
What is the thousands digit of 1407784967?
4
What is the billions digit of 1646504982?
1
What is the billions digit of 3456537282?
3
What is the ten millions digit of 113256777?
1
What is the hundreds digit of 1880927572?
5
What is the thousands digit of 1777305283?
5
What is the billions digit of 2211593374?
2
What is the ten thousands digit of 15260442?
6
What is the millions digit of 533738057?
3
What is the ten thousands digit of 27681545?
8
What is the thousands digit of 506253390?
3
What is the ten thousands digit of 160636537?
3
What is the thousands digit of 389229942?
9
What is the ten thousands digit of 416269521?
6
What is the hundreds digit of 232514198?
1
What is the hundred thousands digit of 143008?
1
What is the millions digit of 53330199?
3
What is the hundred millions digit of 284770872?
2
What is the tens digit of 1816684991?
9
What is the millions digit of 454129767?
4
What is the tens digit of 874882250?
5
What is the millions digit of 750044015?
0
What is the tens digit of 96676329?
2
What is the hundreds digit of 2117051208?
2
What is the tens digit of 124149350?
5
What is the units digit of 30932541?
1
What is the hundreds digit of 342129?
1
What is the thousands digit of 157780477?
0
What is the millions digit of 24827038?
4
What is the ten thousands digit of 2855927160?
2
What is the tens digit of 101765694?
9
What is the tens digit of 1353694192?
9
What is the hundreds digit of 3263233394?
3
What is the millions digit of 5852457?
5
What is the hundred millions digit of 244233469?
2
What is the ten millions digit of 523895371?
2
What is the hundreds digit of 39409864?
8
What is the units digit of 66070184?
4
What is the tens digit of 1169685768?
6
What is the thousands digit of 61627940?
7
What is the tens digit of 17838366?
6
What is the ten thousands digit of 1348200504?
0
What is the hundreds digit of 635407786?
7
What is the hundreds digit of 189945134?
1
What is the hundred millions digit of 3118194023?
1
What is the millions digit of 278241988?
8
What is the ten millions digit of 280825830?
8
What is the thousands digit of 142117297?
7
What is the hundred thousands digit of 4489198755?
1
What is the thousands digit of 182908478?
8
What is the hundred millions digit of 397689040?
3
What is the hundreds digit of 86482292?
2
What is the hundred thousands digit of 8621325?
6
What is the ten millions digit of 103047087?
0
What is the ten thousands digit of 59836450?
3
What is the ten thousands digit of 583135887?
3
What is the units digit of 80820391?
1
What is the millions digit of 3343896?
3
What is the millions digit of 191915429?
1
What is the billions digit of 3846619218?
3
What is the thousands digit of 357699837?
9
What is the tens digit of 7508187?
8
What is the hundred thousands digit of 23948813?
9
What is the hundreds digit of 125490519?
5
What is the tens digit of 169992323?
2
What is the hundred thousands digit of 242418883?
4
What is the hundreds digit of 725891793?
7
What is the ten thousands digit of 56404522?
0
What is the millions digit of 94843701?
4
What is the hundreds digit of 2947156357?
3
What is the tens digit of 21254338?
3
What is the millions digit of 632503782?
2
What is the ten thousands digit of 28815127?
1
What is the thousands digit of 2465065823?
5
What is the ten millions digit of 892292806?
9
What is the hundreds digit of 130934378?
3
What is the ten millions digit of 10271890?
1
What is the millions digit of 24156520?
4
What is the ten thousands digit of 109744574?
4
What is the thousands digit of 338462065?
2
What is the ten thousands digit of 1364238531?
3
What is the thousands digit of 980809?
0
What is the units digit of 10994883?
3
What is the millions digit of 87936092?
7
What is the ten thousands digit of 809881880?
8
What is the ten thousands digit of 8677196869?
9
What is the tens digit of 55132565?
6
What is the millions digit of 187700430?
7
What is the hundreds digit of 896978739?
7
What is the units digit of 47192163?
3
What is the hundred thousands digit of 1373624503?
6
What is the hundred thousands digit of 113897717?
8
What is the ten thousands digit of 1325630635?
3
What is the hundreds digit of 3944995250?
2
What is the millions digit of 301195957?
1
What is the tens digit of 52667385?
8
What is the billions digit of 2770771602?
2
What is the units digit of 65336958?
8
What is the billions digit of 1507796138?
1
What is the hundreds digit of 868192477?
4
What is the billions digit of 3566177591?
3
What is the thousands digit of 82632462?
2
What is the hundreds digit of 48496028?
0
What is the hundred millions digit of 114500276?
1
What is the ten thousands digit of 189679456?
7
What is the thousands digit of 51923653?
3
What is the ten millions digit of 455017257?
5
What is the millions digit of 3125028059?
5
What is the ten thousands digit of 624239275?
3
What is the ten thousands digit of 87981273?
8
What is the hundreds digit of 33658671?
6
What is the hundred millions digit of 1263326609?
2
What is the millions digit of 330371557?
0
What is the tens digit of 4842089766?
6
What is the millions digit of 2059664568?
9
What is the units digit of 46672343?
3
What is the ten millions digit of 29382884?
2
What is the hundreds digit of 64297656?
6
What is the ten thousands digit of 258834786?
3
What is the units digit of 3231656478?
8
What is the hundred millions digit of 1071364958?
0
What is the millions digit of 19029396?
9
What is the hundreds digit of 38961597?
5
What is the units digit of 54709477?
7
What is the hundred thousands digit of 89379624?
3
What is the ten thousands digit of 1215415?
1
What is the hundred thousands digit of 1112695470?
6
What is the hundred millions digit of 297219826?
2
What is the millions digit of 91560872?
1
What is the ten millions digit of 1164101836?
6
What is the hundreds digit of 953039519?
5
What is the ten thousands digit of 22431677?
3
What is the hundreds digit of 144523632?
6
What is the millions digit of 58385267?
8
What is the ten thousands digit of 19005891?
0
What is the hundreds digit of 1374442769?
7
What is the hundred thousands digit of 1559320726?
3
What is the tens digit of 61641426?
2
What is the hundred thousands digit of 346247414?
2
What is the ten thousands digit of 72844921?
4
What is the ten thousands digit of 217964310?
6
What is the billions digit of 6507352185?
6
What is the ten thousands digit of 10214821?
1
What is the thousands digit of 2348872750?
2
What is the hundred millions digit of 113976942?
1
What is the ten millions digit of 92793711?
9
What is the thousands digit of 311097107?
7
What is the hundred thousands digit of 2442157632?
1
What is the hundred thousands digit of 19297531?
2
What is the ten millions digit of 850877686?
5
What is the tens digit of 7734266?
6
What is the units digit of 645264485?
5
What is the millions digit of 377018452?
7
What is the ten millions digit of 15983840?
1
What is the millions digit of 178136812?
8
What is the millions digit of 82454208?
2
What is the ten thousands digit of 26306731?
0
What is the hundreds digit of 10685410?
4
What is the millions digit of 12072245?
2
What is the hundreds digit of 42323271?
2
What is the tens digit of 91862222?
2
What is the tens digit of 32397469?
6
What is the hundreds digit of 2618002136?
1
What is the units digit of 1040212559?
9
What is the tens digit of 113557562?
6
What is the ten thous